+ 4*f + 25. Calculate the highest common divisor of q and l.
1
Let k(d) = 10*d + 3. Let v be k(6). What is the greatest common divisor of 7 and v?
7
Let v(i) = -i**2 + 19*i - 17. Let o be v(18). What is the highest common divisor of o and 1?
1
Suppose -3*r - r = -84. Let a be 2 - ((0 - 2) + 2). Let b be ((-28)/8)/(a/(-4)). Calculate the highest common factor of b and r.
7
Let q be (-1)/(-5) - (-109)/5. Suppose q = g - 3*m, 14 = -2*g - 5*m + 3. Let k = 20 + -6. Calculate the greatest common factor of g and k.
7
Suppose -5*p + 44 = -p. What is the greatest common factor of p and 22?
11
Let m = -6 + 4. Let a(i) = 6*i**2 - 4. Let q(f) = -17*f**2 + f + 13. Let y(n) = 7*a(n) + 2*q(n). Let k be y(m). What is the highest common divisor of k and 13?
13
Let t be (4 + 7/(-2))*10. Let w = t - -1. What is the greatest common divisor of w and 4?
2
Let k(s) be the third derivative of -s**4/3 + s**2. Let c be k(3). Let j = c - -63. Calculate the highest common factor of j and 13.
13
Let c be (-4)/10 + 2314/10. What is the greatest common divisor of 33 and c?
33
Suppose 3*z - 3*f = -0*f + 141, 44 = z + 2*f. Calculate the greatest common divisor of z and 161.
23
Suppose 3*v = -4*o + 9*o - 806, v + 322 = 2*o. What is the greatest common divisor of 64 and o?
32
Let k = 103 - -18. Suppose -4*w - 13 = -k. What is the greatest common divisor of 9 and w?
9
Let y(n) = -2*n. Let r be y(-1). Let j be r/((-8)/36*-1). Calculate the greatest common divisor of j and 9.
9
Let j(x) = 20*x**2 - 2*x - 1. Let d be j(-1). What is the greatest common divisor of 7 and d?
7
Let w = -64 + 73. Calculate the highest common divisor of 6 and w.
3
Let w = 20 - -24. What is the greatest common divisor of 11 and w?
11
Suppose 0 = z - 3, l = -3*l - 2*z - 2. Let c(b) = 6*b**2 - b - 1. Let f be c(l). Suppose -2*k + 4*k = 20. Calculate the greatest common divisor of k and f.
5
Suppose 4*u - 140 = -h + 58, -5*h = 5*u - 240. Calculate the greatest common factor of u and 50.
50
Suppose 8*x - 2 = 30. Calculate the greatest common divisor of 20 and x.
4
Let k(o) = -o**3 - 2*o**2 + 7*o + 5. Let q be k(-4). What is the greatest common factor of q and 45?
9
Suppose -1 = -3*d - 7. Let n be 11/2 - d/(-4). Suppose -475 = -n*u + 5*z, 5*u + 5*z - 138 = 287. Calculate the highest common divisor of 10 and u.
10
Let v(b) = -b**3 - 6*b**2 - 5*b + 7. Let z be v(-5). Let f = -57 + 113. What is the highest common divisor of z and f?
7
Let i = -1 + 3. Suppose 5*k - i*k = 4*u + 10, -3*k = u - 5. Let v be (-15)/k*(0 + -8). Calculate the greatest common divisor of v and 12.
12
Let c = -20 + 24. Calculate the highest common factor of c and 20.
4
Let p = -5 + 9. Let m = 8 - 3. Suppose -m*g + 123 = -17. Calculate the greatest common divisor of g and p.
4
Let w = -1 - -64. Let s(o) = o**2 - 4*o - 1. Let c be s(5). Suppose -c*t = 19 - 47. What is the highest common factor of w and t?
7
Let u = -13 + 24. Let w(p) = -p**3 - 4*p**2 + 2*p - 4. Let a be w(-5). What is the greatest common divisor of u and a?
11
Let o(g) = g**2 + 8*g + 30. Let t be o(-13). Let r be 2*-1 - (-1 - -2). Let d be (-1)/(-3) + (-113)/r. What is the highest common divisor of t and d?
19
Let a be (1*-1)/((-12)/12). What is the highest common factor of a and 1?
1
Suppose 325 + 767 = 13*p. What is the greatest common factor of p and 12?
12
Let w be -7 + 7 - (-3 + 1). Calculate the greatest common factor of 1 and w.
1
Let l be 22*-6*1/(-3). Calculate the greatest common divisor of 11 and l.
11
Suppose 4*l + 6 = 3*l - 5*j, -12 = -3*l - 5*j. What is the greatest common divisor of l and 81?
9
Suppose 5*h - 3*k = 29, -h + 2*k = 4*h - 26. Let s = 19 - h. Calculate the greatest common factor of s and 10.
5
Let g be (3*10)/(3/(-2)). Let t be (64/(-10))/(2/g). What is the greatest common factor of t and 16?
16
Suppose -56 = -2*v - 2*r - 3*r, 0 = -r - 2. Let x = -19 + v. Calculate the greatest common divisor of 56 and x.
14
Let t be (-38 + (1 - 1))/(-2). Let h(d) = -9*d + 12. Let r be h(-11). Let n = -54 + r. What is the greatest common divisor of n and t?
19
Let o = -145 - -244. Calculate the greatest common divisor of 9 and o.
9
Suppose -188 = -2*f - 60. Let o be (-116)/(-14) - 4/14. Calculate the greatest common divisor of f and o.
8
Let x = -1 - 7. Let o be x/20 + 114/10. Calculate the greatest common factor of 121 and o.
11
Let g = -16 + 19. Suppose -32 - 166 = -g*f. Suppose -3*d = -13 - 5. Calculate the highest common divisor of f and d.
6
Let z(l) = -l**3 - 10*l**2 + 8*l - 19. Let q be z(-11). Calculate the greatest common divisor of 2 and q.
2
Let i be 0 + 209 + (1 - 0). Suppose -u + d + 37 = u, -d = 5*u - 110. Calculate the highest common factor of u and i.
21
Suppose 5*q = -0*q + 5. Let s be 30/(-4)*(-12)/10. Let j = s - 4. What is the highest common divisor of j and q?
1
Let d(w) = -w + 1. Let f be d(-2). Let a = 25 + -16. Calculate the highest common factor of f and a.
3
Suppose 5*d - 57 = 43. Calculate the greatest common divisor of d and 8.
4
Let d be -2*(-3)/((-6)/(-7)). What is the highest common divisor of 49 and d?
7
Let b(a) = a**2 - 2*a + 5. Let z be b(7). Calculate the highest common factor of z and 10.
10
Let y be (3/(-3)*1)/(4 + -5). What is the greatest common divisor of 8 and y?
1
Suppose 3*y = -0*y - 297. Suppose -i - 4*x - 55 = 0, -4*i - 2*x - 264 = 3*x. Let c = i - y. Calculate the highest common divisor of 42 and c.
14
Suppose 5 = z - 5. Calculate the highest common divisor of 20 and z.
10
Let c(y) = -2*y**3 - y**2 + 2*y. Let q be c(-2). Let w(i) = -i + 12. Let j be w(q). What is the greatest common divisor of 4 and j?
4
Let a = 18 - 16. Suppose 0*q = -a*q - g + 17, 4*g = 2*q + 8. What is the highest common divisor of q and 3?
3
Let p(o) = 0*o + o + 0*o. Let r be p(-6). Let z(n) = -n**2 - 5*n + 7. Let g be z(r). What is the greatest common divisor of g and 7?
1
Let f(h) = 27*h - 4. Let b be f(3). Suppose 0 = -2*g + g + b. Calculate the greatest common factor of g and 11.
11
Let h(b) = -b**3 + 9*b**2 - 13*b + 1. Let d(v) = -v + 1. Let s(j) = 2*d(j) - h(j). Let k be s(9). What is the highest common factor of k and 40?
20
Suppose 5*t = -4*m + 152 + 81, -5*m = 5*t - 235. Let y(q) = q**2 + 11*q - 7. Let p be y(-12). What is the highest common factor of p and t?
5
Let x be 2/(-6) + 434/6. Suppose -5*g + 4*o = -60, g - 3*o + 17 = 5*g. Calculate the highest common factor of g and x.
8
Let i be ((-81)/(-6))/3*2. Let n(u) = u**3 - u**2 - 2*u + 1. Let l be n(2). Calculate the highest common factor of l and i.
1
Let p = -25 - -43. Calculate the highest common factor of p and 12.
6
Suppose 5*c + 8 - 48 = 0. Suppose 4*k = -5*n + 322, -2*k = -6*k + 12. Let u be n + (-2)/(-2) + 1. What is the greatest common divisor of u and c?
8
Let t be (((-3)/1)/6)/(1/(-44)). Calculate the greatest common factor of t and 22.
22
Suppose 3*o - 7 = 5, 5*t = o + 71. Calculate the highest common divisor of t and 10.
5
Suppose 0 = -0*w - 3*w + 63. Suppose 4*t + 0*x = 4*x + 196, -4*t = -x - 184. Let l = t - w. Calculate the greatest common divisor of 60 and l.
12
Suppose 5*b - 30 = 4*a, 5 = b - 5*a - 1. Let o be 238/5 - (-12)/30. Calculate the greatest common divisor of o and b.
6
Suppose -3*h + 10*h - 1848 = 0. Calculate the greatest common divisor of h and 33.
33
Suppose -5*n - 11 = j, 4*n + 4 = -j - 4. Let z = j + -1. Let t be z*4/(-6) - -13. Calculate the greatest common factor of 11 and t.
11
Let s be 10 - (3 - (-3 + 6)). What is the highest common divisor of s and 10?
10
Let a be -1 - -8 - (-1 + -1). Let w(f) = 3*f**2 + 7*f - 6*f - 1 - f**2. Let p be w(-4). What is the highest common divisor of a and p?
9
Suppose 5*i = 5*o - 3*o + 106, -92 = -4*i + 4*o. Calculate the greatest common divisor of i and 50.
10
Let f(c) = -11*c - 3. Let u be f(-8). Let q be 411/12 - 1/4. What is the highest common factor of q and u?
17
Let q(w) = 3*w - 15. Let l be q(6). Suppose b = 2*u + 23, u + l*u = -b + 29. What is the highest common divisor of 25 and b?
25
Let n(m) = -3*m**3 - 4*m + 2. Let y be n(-4). What is the greatest common divisor of 30 and y?
30
Let g be 132/16 + -3 - 1/4. What is the greatest common divisor of 55 and g?
5
Suppose -1 = 3*u - m, 2*m - 10 = -3*u + 1. What is the highest common factor of u and 7?
1
Suppose 2*r - r - 5 = 0. Let v(d) = d**2 + 3*d - 5. Let s be v